{"id":31,"date":"2024-06-19T12:09:25","date_gmt":"2024-06-19T10:09:25","guid":{"rendered":"https:\/\/www.triptikavocats.amandine-rosset.fr\/index.php\/le-cabinet\/"},"modified":"2024-11-20T11:31:29","modified_gmt":"2024-11-20T10:31:29","slug":"le-cabinet","status":"publish","type":"page","link":"https:\/\/www.triptikavocats.amandine-rosset.fr\/","title":{"rendered":"TRIPTIK AVOCATS &#8211; Cabinet d&#8217;avocats"},"content":{"rendered":"\n\n\n\n\n\n\n\n\n\n\n\n","protected":false},"excerpt":{"rendered":"","protected":false},"author":1,"featured_media":0,"parent":0,"menu_order":0,"comment_status":"closed","ping_status":"closed","template":"kubio-full-width","meta":{"saved_in_kubio":true,"footnotes":""},"class_list":["post-31","page","type-page","status-publish","hentry"],"kubio_ai_page_context":{"short_desc":"","purpose":"general"},"yoast_head":"<!-- This site is optimized with the Yoast SEO plugin v27.3 - https:\/\/yoast.com\/product\/yoast-seo-wordpress\/ -->\n<title>TRIPTIK AVOCATS - Cabinet d&#039;avocats -<\/title>\n<meta name=\"description\" content=\"TRIPTIK AVOCATS est un Cabinet d\u2019avocats sp\u00e9cialis\u00e9 en droit des affaires, droit du patrimoine et fiscalit\u00e9.\" \/>\n<meta name=\"robots\" content=\"index, follow, max-snippet:-1, max-image-preview:large, max-video-preview:-1\" \/>\n<link rel=\"canonical\" href=\"https:\/\/www.triptikavocats.amandine-rosset.fr\/\" \/>\n<meta property=\"og:locale\" content=\"en_US\" \/>\n<meta property=\"og:type\" content=\"article\" \/>\n<meta property=\"og:title\" content=\"TRIPTIK AVOCATS - Cabinet d&#039;avocats -\" \/>\n<meta property=\"og:description\" content=\"TRIPTIK AVOCATS est un Cabinet d\u2019avocats sp\u00e9cialis\u00e9 en droit des affaires, droit du patrimoine et fiscalit\u00e9.\" \/>\n<meta property=\"og:url\" content=\"https:\/\/www.triptikavocats.amandine-rosset.fr\/\" \/>\n<meta property=\"article:modified_time\" content=\"2024-11-20T10:31:29+00:00\" \/>\n<meta name=\"twitter:card\" content=\"summary_large_image\" \/>\n<meta name=\"twitter:label1\" content=\"Est. reading time\" \/>\n\t<meta name=\"twitter:data1\" content=\"1 minute\" \/>\n<script type=\"application\/ld+json\" class=\"yoast-schema-graph\">{\"@context\":\"https:\\\/\\\/schema.org\",\"@graph\":[{\"@type\":\"WebPage\",\"@id\":\"https:\\\/\\\/www.triptikavocats.amandine-rosset.fr\\\/\",\"url\":\"https:\\\/\\\/www.triptikavocats.amandine-rosset.fr\\\/\",\"name\":\"TRIPTIK AVOCATS - Cabinet d'avocats -\",\"isPartOf\":{\"@id\":\"https:\\\/\\\/www.triptikavocats.amandine-rosset.fr\\\/#website\"},\"datePublished\":\"2024-06-19T10:09:25+00:00\",\"dateModified\":\"2024-11-20T10:31:29+00:00\",\"description\":\"TRIPTIK AVOCATS est un Cabinet d\u2019avocats sp\u00e9cialis\u00e9 en droit des affaires, droit du patrimoine et fiscalit\u00e9.\",\"breadcrumb\":{\"@id\":\"https:\\\/\\\/www.triptikavocats.amandine-rosset.fr\\\/#breadcrumb\"},\"inLanguage\":\"en-US\",\"potentialAction\":[{\"@type\":\"ReadAction\",\"target\":[\"https:\\\/\\\/www.triptikavocats.amandine-rosset.fr\\\/\"]}]},{\"@type\":\"BreadcrumbList\",\"@id\":\"https:\\\/\\\/www.triptikavocats.amandine-rosset.fr\\\/#breadcrumb\",\"itemListElement\":[{\"@type\":\"ListItem\",\"position\":1,\"name\":\"Accueil\",\"item\":\"https:\\\/\\\/www.triptikavocats.amandine-rosset.fr\\\/\"},{\"@type\":\"ListItem\",\"position\":2,\"name\":\"TRIPTIK AVOCATS &#8211; Cabinet d&#8217;avocats\"}]},{\"@type\":\"WebSite\",\"@id\":\"https:\\\/\\\/www.triptikavocats.amandine-rosset.fr\\\/#website\",\"url\":\"https:\\\/\\\/www.triptikavocats.amandine-rosset.fr\\\/\",\"name\":\"\",\"description\":\"TRIPTIK AVOCATS | Cabinet sp\u00e9cialis\u00e9 droit des affaires ...\",\"potentialAction\":[{\"@type\":\"SearchAction\",\"target\":{\"@type\":\"EntryPoint\",\"urlTemplate\":\"https:\\\/\\\/www.triptikavocats.amandine-rosset.fr\\\/?s={search_term_string}\"},\"query-input\":{\"@type\":\"PropertyValueSpecification\",\"valueRequired\":true,\"valueName\":\"search_term_string\"}}],\"inLanguage\":\"en-US\"}]}<\/script>\n<!-- \/ Yoast SEO plugin. -->","yoast_head_json":{"title":"TRIPTIK AVOCATS - Cabinet d'avocats -","description":"TRIPTIK AVOCATS est un Cabinet d\u2019avocats sp\u00e9cialis\u00e9 en droit des affaires, droit du patrimoine et fiscalit\u00e9.","robots":{"index":"index","follow":"follow","max-snippet":"max-snippet:-1","max-image-preview":"max-image-preview:large","max-video-preview":"max-video-preview:-1"},"canonical":"https:\/\/www.triptikavocats.amandine-rosset.fr\/","og_locale":"en_US","og_type":"article","og_title":"TRIPTIK AVOCATS - Cabinet d'avocats -","og_description":"TRIPTIK AVOCATS est un Cabinet d\u2019avocats sp\u00e9cialis\u00e9 en droit des affaires, droit du patrimoine et fiscalit\u00e9.","og_url":"https:\/\/www.triptikavocats.amandine-rosset.fr\/","article_modified_time":"2024-11-20T10:31:29+00:00","twitter_card":"summary_large_image","twitter_misc":{"Est. reading time":"1 minute"},"schema":{"@context":"https:\/\/schema.org","@graph":[{"@type":"WebPage","@id":"https:\/\/www.triptikavocats.amandine-rosset.fr\/","url":"https:\/\/www.triptikavocats.amandine-rosset.fr\/","name":"TRIPTIK AVOCATS - Cabinet d'avocats -","isPartOf":{"@id":"https:\/\/www.triptikavocats.amandine-rosset.fr\/#website"},"datePublished":"2024-06-19T10:09:25+00:00","dateModified":"2024-11-20T10:31:29+00:00","description":"TRIPTIK AVOCATS est un Cabinet d\u2019avocats sp\u00e9cialis\u00e9 en droit des affaires, droit du patrimoine et fiscalit\u00e9.","breadcrumb":{"@id":"https:\/\/www.triptikavocats.amandine-rosset.fr\/#breadcrumb"},"inLanguage":"en-US","potentialAction":[{"@type":"ReadAction","target":["https:\/\/www.triptikavocats.amandine-rosset.fr\/"]}]},{"@type":"BreadcrumbList","@id":"https:\/\/www.triptikavocats.amandine-rosset.fr\/#breadcrumb","itemListElement":[{"@type":"ListItem","position":1,"name":"Accueil","item":"https:\/\/www.triptikavocats.amandine-rosset.fr\/"},{"@type":"ListItem","position":2,"name":"TRIPTIK AVOCATS &#8211; Cabinet d&#8217;avocats"}]},{"@type":"WebSite","@id":"https:\/\/www.triptikavocats.amandine-rosset.fr\/#website","url":"https:\/\/www.triptikavocats.amandine-rosset.fr\/","name":"","description":"TRIPTIK AVOCATS | Cabinet sp\u00e9cialis\u00e9 droit des affaires ...","potentialAction":[{"@type":"SearchAction","target":{"@type":"EntryPoint","urlTemplate":"https:\/\/www.triptikavocats.amandine-rosset.fr\/?s={search_term_string}"},"query-input":{"@type":"PropertyValueSpecification","valueRequired":true,"valueName":"search_term_string"}}],"inLanguage":"en-US"}]}},"_links":{"self":[{"href":"https:\/\/www.triptikavocats.amandine-rosset.fr\/index.php\/wp-json\/wp\/v2\/pages\/31","targetHints":{"allow":["GET"]}}],"collection":[{"href":"https:\/\/www.triptikavocats.amandine-rosset.fr\/index.php\/wp-json\/wp\/v2\/pages"}],"about":[{"href":"https:\/\/www.triptikavocats.amandine-rosset.fr\/index.php\/wp-json\/wp\/v2\/types\/page"}],"author":[{"embeddable":true,"href":"https:\/\/www.triptikavocats.amandine-rosset.fr\/index.php\/wp-json\/wp\/v2\/users\/1"}],"replies":[{"embeddable":true,"href":"https:\/\/www.triptikavocats.amandine-rosset.fr\/index.php\/wp-json\/wp\/v2\/comments?post=31"}],"version-history":[{"count":127,"href":"https:\/\/www.triptikavocats.amandine-rosset.fr\/index.php\/wp-json\/wp\/v2\/pages\/31\/revisions"}],"predecessor-version":[{"id":706,"href":"https:\/\/www.triptikavocats.amandine-rosset.fr\/index.php\/wp-json\/wp\/v2\/pages\/31\/revisions\/706"}],"wp:attachment":[{"href":"https:\/\/www.triptikavocats.amandine-rosset.fr\/index.php\/wp-json\/wp\/v2\/media?parent=31"}],"curies":[{"name":"wp","href":"https:\/\/api.w.org\/{rel}","templated":true}]}}